or of u and q?
4
Let w(y) be the third derivative of y**5/20 + y**4/24 - y**3 + 3*y**2. Let n be w(-5). What is the highest common divisor of n and 16?
16
Let n be (-12)/9*(-3)/2. What is the highest common divisor of n and 3?
1
Let o be 24 - (1 + -4 + -2 + 2). Suppose 2*z + 6 = 4*z. Calculate the greatest common factor of z and o.
3
Suppose 0 = 3*k - 5*k + 20. Suppose 246 = 3*d + 5*i - 109, 0 = -3*d - 3*i + 345. What is the greatest common divisor of k and d?
10
Suppose 3*u + 5*b = 2*b - 39, u + 15 = b. Let m be u/49 - (-464)/7. Calculate the highest common factor of 11 and m.
11
Let g = -5 + 4. Let x = g - -4. Suppose 6*q = x*q + 60. What is the highest common factor of 5 and q?
5
Let r = 16 + -11. Let i be (6 - r) + 143*1. Calculate the greatest common divisor of 16 and i.
16
Suppose 3*p - 74 - 25 = 0. What is the greatest common divisor of 22 and p?
11
Let b be (-1 - -4)*8/(-6). Let o = -19 - -9. Let u be (-3)/(b/o + -1). Calculate the highest common factor of u and 25.
5
Let m(h) = -5*h - 20. Let d be m(-12). Calculate the highest common factor of 10 and d.
10
Let l = -2 - 0. Let m be 90 + (-4 - (0 + l)). Suppose 4*w - 50 + 6 = 0. What is the greatest common divisor of w and m?
11
Suppose -5*q - 20 = -5*t, -3 - 17 = -2*t + 5*q. Suppose 0*l = 2*m + 2*l - 26, t = -2*l + 8. Calculate the highest common factor of m and 72.
9
Let u = 52 - 36. Calculate the greatest common divisor of 16 and u.
16
Let d(a) = a**3 - 12*a**2 + 16*a - 21. Let f be d(11). Calculate the greatest common divisor of f and 17.
17
Let a = -5 + 8. Let k be 2*(9/3 + a). Calculate the highest common divisor of 24 and k.
12
Let y(u) = -u**2 - 3*u + 6. Let c be y(-7). Let d be 4/c + (-114)/(-22). Let a = -1 - -6. What is the greatest common divisor of d and a?
5
Let x(w) = w**3 - 8*w**2 + 12*w + 7. Let r be x(9). Calculate the greatest common factor of 28 and r.
28
Suppose -5*g + g = 0. Suppose -3*d - 16 + 4 = g. Let b be 70/7*(-6)/d. Calculate the greatest common factor of 45 and b.
15
Suppose -4*m - 5*a + 73 = 0, 2*a = -5*m + 8*m - 26. What is the highest common divisor of 16 and m?
4
Let o be (22/(-5))/((-13)/65). What is the highest common divisor of o and 55?
11
Let n = 19 + -41. Let i = -32 + -10. Let k = n - i. What is the highest common divisor of k and 10?
10
Let t(m) = -3*m + 4. Let b = 7 + -15. Let y be t(b). Let r(g) = 12*g - 6. Let i be r(4). What is the greatest common factor of i and y?
14
Suppose -1 = -5*r + 44. What is the greatest common factor of r and 6?
3
Let y = 5 + 15. Calculate the greatest common factor of 20 and y.
20
Suppose -p - 2*i = -0*p - 4, 2*p = 4*i + 48. Suppose 7 + 3 = 5*w. Suppose 0 = w*z + 29 - 113. Calculate the greatest common factor of z and p.
14
Let v be (((-360)/25)/(-6))/((-6)/(-40)). What is the greatest common divisor of v and 80?
16
Suppose 0*d - 6 = -2*d. Suppose 644 = -d*v + 2*v. Let o be v/(-10) + (-4)/10. Calculate the greatest common divisor of 16 and o.
16
Let y(w) be the second derivative of -w**4/12 + 5*w**3/3 - 7*w**2 + 5*w. Let q be y(6). Calculate the highest common factor of 90 and q.
10
Let q be 329/28 + (-2)/(-8). Calculate the greatest common factor of 84 and q.
12
Suppose 3*g + 2*g - 95 = 0. Let y(x) = 39*x**2 - 3*x + 2. Let o = 6 + -4. Let p be y(o). Calculate the greatest common factor of g and p.
19
Let s be -3 - 5/((-25)/35). What is the highest common factor of 10 and s?
2
Suppose -60 = 72*t - 76*t. Suppose 0 = 2*z - 4*z + 210. What is the greatest common factor of t and z?
15
Let m(p) = 2*p**2 + 8*p + 4. Let g be m(-6). Let t = g - 18. What is the greatest common factor of t and 4?
2
Let n(j) = 9*j + 31. Let d be n(11). What is the highest common factor of d and 52?
26
Let q(s) = 4 + 3*s - 2*s + 2*s**2 + 0*s + 5*s. Let n = 0 - 4. Let r be q(n). Calculate the highest common factor of r and 60.
12
Suppose 0*j + 33 = -j. Let b = j + 57. Calculate the greatest common factor of b and 3.
3
Let z be (-4)/(-6) + 618/18. Let q be (4/5)/2*z. Calculate the greatest common divisor of q and 21.
7
Suppose 5*n + 3*i - 1159 = -i, 2*n = -2*i + 464. Calculate the greatest common factor of 33 and n.
33
Let k = -8 - -33. Suppose 5*r = f + 2*r, -2*r - 28 = -3*f. Suppose -8 - f = -4*w. What is the highest common divisor of k and w?
5
Suppose -92 = -5*g - 4*i, 0*g + g = -3*i + 25. Suppose 0 = -v - v + g. Calculate the highest common divisor of 8 and v.
8
Let c(s) = -21*s - 5. Let g be c(-4). Suppose m + 24 = g. What is the greatest common divisor of 11 and m?
11
Let j be 63 - (0 + 1) - 2. What is the greatest common factor of 20 and j?
20
Let i = -31 + 43. Suppose -3*f + 4*v = -128, 5*v = 2*f - 7*f + 260. Calculate the greatest common divisor of i and f.
12
Let q = -4 - -26. Calculate the greatest common divisor of 22 and q.
22
Suppose 3*m = 28 - 4. Calculate the greatest common factor of m and 8.
8
Let j(c) = 2*c - 2. Let s be (-1)/(-2)*(0 + 4). Let r be j(s). Suppose 3*h - 80 = -2*h. Calculate the greatest common factor of r and h.
2
Let k(r) = -r**3 - 8*r**2 - 8*r - 3. Let h = 1 + -8. Let f be k(h). What is the greatest common factor of 10 and f?
2
Let n = 3 + -8. Let u = n + 9. Suppose -24 = -5*v - u*k, -13 = -4*v + 4*k - k. Calculate the greatest common factor of v and 8.
4
Suppose 0 = -98*x + 102*x - 200. What is the greatest common factor of 200 and x?
50
Suppose 8*d - 5*d - 21 = 0. What is the greatest common divisor of 21 and d?
7
Let a(z) = -82*z + 2. Let k be a(-1). What is the highest common divisor of 56 and k?
28
Suppose -4*i - 3*i = 42. Let c = i + 32. What is the greatest common divisor of c and 182?
26
Suppose -5*s - 20 = -5*r, -3*r = -4*r - 2*s + 10. What is the greatest common factor of 54 and r?
6
Let k = -31 - -51. Suppose 5*m + k = 5*t, -t + 0 = -3*m + 4. What is the greatest common factor of 64 and t?
8
Let y = -43 + 186. Calculate the greatest common divisor of 13 and y.
13
Let k = -39 + 61. Let y = -6 - -6. Let s = y + 22. Calculate the highest common factor of s and k.
22
Let f = -3 + 7. Suppose 6*t = f*t - 18. Let c = -1 - t. Calculate the greatest common divisor of c and 40.
8
Let v = -55 + 70. Suppose 2*s = 5*s + 192. Let t = s + 109. What is the greatest common factor of t and v?
15
Suppose -c + 5*o = -3*c, 5*c - 19 = -3*o. Suppose 0*z = 4*k + z - 50, -46 = -3*k - c*z. What is the greatest common divisor of k and 36?
12
Suppose -6 = -9*y + 6*y. Suppose 2*t + y*t - 60 = 0. What is the greatest common divisor of 3 and t?
3
Suppose 5*c = -m + 196, 106 = 5*c + 4*m - 78. What is the highest common divisor of 16 and c?
8
Let m(j) = 2*j**2 + j + 5. Suppose -5*h = -63 + 18. Let r be m(h). Calculate the highest common factor of r and 16.
16
Let n(y) = y**2 - 5*y + 3. Suppose 5*u + 9 + 21 = 3*l, -l + 8 = -u. Let b be n(l). Suppose -112 = -b*g + 2*g. What is the greatest common factor of 16 and g?
16
Suppose 16*x - 12*x = 476. Calculate the highest common factor of 17 and x.
17
Let c(g) = g**3 + 7*g**2 + 2*g. Let p be c(-3). Calculate the greatest common factor of 6 and p.
6
Let n(z) = 4*z**2 + 2*z - 2. Let o be n(-2). What is the highest common factor of o and 35?
5
Let l(c) = c**3 - 5*c**2 - 6*c + 6. Let m be l(7). What is the greatest common divisor of 31 and m?
31
Let u = -14 - -35. Let a(n) = n**2 + 14. Let d = 2 - 2. Let m be a(d). What is the greatest common factor of u and m?
7
Let s = 26 - -29. Calculate the highest common factor of s and 11.
11
Let t be (36/45)/(4/30). Calculate the highest common factor of t and 9.
3
Let l(v) = -3*v - 2*v**2 - v**3 + 7*v - v**2 + 20 - 16. Let j be l(-4). What is the highest common factor of 8 and j?
4
Let m = -5 - -16. Calculate the highest common divisor of m and 44.
11
Suppose -27*b = -23*b - 140. What is the highest common divisor of 280 and b?
35
Let a be 822/24 + 1/(-4). What is the highest common factor of 17 and a?
17
Let i(c) = c + 13. Suppose 0 = 14*z - 9*z + 40. Let n be i(z). What is the greatest common factor of 5 and n?
5
Suppose -23 = -3*f + c, -3*f - 34 = -7*f - 2*c. Let a be 756/f - 1/(-2). Calculate the highest common factor of a and 19.
19
Suppose -2*i = -4*c - 112, 3*i + i - 212 = -4*c. What is the greatest common divisor of 6 and i?
6
Suppose -5*d + 4*d = 5*q - 75, 2*d - 45 = -3*q. Calculate the greatest common factor of 105 and q.
15
Suppose -